{"id":1152,"date":"2020-10-08T11:30:42","date_gmt":"2020-10-08T14:30:42","guid":{"rendered":"http:\/\/redeaplmineral.org.br\/?page_id=1152"},"modified":"2023-12-14T12:44:57","modified_gmt":"2023-12-14T15:44:57","slug":"cristalina-go-2040","status":"publish","type":"page","link":"http:\/\/redeaplmineral.org.br\/?page_id=1152","title":{"rendered":"Cristalina GO 2040"},"content":{"rendered":"\n<p class=\"has-medium-font-size\"><a href=\"https:\/\/inspro.org.br\/2023\/11\/24\/projeto-cristalina-2040\/\" target=\"_blank\" rel=\"noreferrer noopener\">Acesse aqui o e-Book Projeto Cristalina 2040<\/a><\/p>\n\n\n\n<p class=\"has-text-align-left has-vivid-cyan-blue-color has-text-color has-medium-font-size\"><a rel=\"noreferrer noopener\" href=\"http:\/\/redeaplmineral.org.br\/wp-content\/uploads\/2023\/06\/Projeto-Cristalina2040.pdf\" target=\"_blank\"><span class=\"has-inline-color has-vivid-cyan-blue-color\">Baixe aqui o relat\u00f3rio final do Projeto Cristalina GO 2040<\/span><\/a><\/p>\n\n\n\n<figure class=\"wp-block-image size-large\"><img loading=\"lazy\" decoding=\"async\" width=\"560\" height=\"315\" src=\"http:\/\/redeaplmineral.org.br\/wp-content\/uploads\/2020\/10\/imagens-pontos-cristalina-go.png\" alt=\"\" class=\"wp-image-1148\" srcset=\"http:\/\/redeaplmineral.org.br\/wp-content\/uploads\/2020\/10\/imagens-pontos-cristalina-go.png 560w, http:\/\/redeaplmineral.org.br\/wp-content\/uploads\/2020\/10\/imagens-pontos-cristalina-go-300x169.png 300w\" sizes=\"auto, (max-width: 560px) 100vw, 560px\" \/><\/figure>\n\n\n\n<section class=\"wp-block-uagb-columns uagb-columns__wrap uagb-columns__background-undefined uagb-columns__stack-mobile uagb-columns__valign-undefined uagb-columns__gap-10 alignundefined uagb-block-80d80acc\"><div class=\"uagb-columns__overlay\"><\/div><div class=\"uagb-columns__inner-wrap uagb-columns__columns-3\">\n<div class=\"wp-block-uagb-column uagb-column__wrap uagb-column__background-undefined uagb-block-8198a3f2\"><div class=\"uagb-column__overlay\"><\/div><div class=\"uagb-column__inner-wrap\">\n<figure class=\"wp-block-image size-large\"><img loading=\"lazy\" decoding=\"async\" width=\"953\" height=\"543\" src=\"http:\/\/redeaplmineral.org.br\/wp-content\/uploads\/2020\/10\/cronograma-projeto-cristalina-2040-v2.png\" alt=\"\" class=\"wp-image-1151\" srcset=\"http:\/\/redeaplmineral.org.br\/wp-content\/uploads\/2020\/10\/cronograma-projeto-cristalina-2040-v2.png 953w, http:\/\/redeaplmineral.org.br\/wp-content\/uploads\/2020\/10\/cronograma-projeto-cristalina-2040-v2-300x171.png 300w, http:\/\/redeaplmineral.org.br\/wp-content\/uploads\/2020\/10\/cronograma-projeto-cristalina-2040-v2-768x438.png 768w\" sizes=\"auto, (max-width: 953px) 100vw, 953px\" \/><\/figure>\n\n\n\n<h5 class=\"has-small-font-size wp-block-heading\">Cronograma<\/h5>\n\n\n\n<p class=\"has-small-font-size\">Permite acompanhar o status do Projeto Cristalina 2040<\/p>\n<\/div><\/div>\n\n\n\n<div class=\"wp-block-uagb-column uagb-column__wrap uagb-column__background-undefined uagb-block-323442cf\"><div class=\"uagb-column__overlay\"><\/div><div class=\"uagb-column__inner-wrap\">\n<figure class=\"wp-block-image size-large is-resized\"><img loading=\"lazy\" decoding=\"async\" src=\"http:\/\/redeaplmineral.org.br\/wp-content\/uploads\/2020\/10\/cropped-logo-cristalina2040-v001-1.png\" alt=\"\" class=\"wp-image-1153\" width=\"98\" height=\"98\"\/><\/figure>\n\n\n\n<h6 class=\"wp-block-heading\">Sobre o projeto<\/h6>\n\n\n\n<p class=\"has-small-font-size\">Apresenta o Projeto Cristalina GO 2040.<\/p>\n<\/div><\/div>\n\n\n\n<div class=\"wp-block-uagb-column uagb-column__wrap uagb-column__background-undefined uagb-block-11eade0d\"><div class=\"uagb-column__overlay\"><\/div><div class=\"uagb-column__inner-wrap\">\n<figure class=\"wp-block-image size-large\"><img loading=\"lazy\" decoding=\"async\" width=\"120\" height=\"84\" src=\"http:\/\/redeaplmineral.org.br\/wp-content\/uploads\/2020\/10\/processo-prospectivo.png\" alt=\"\" class=\"wp-image-1149\"\/><\/figure>\n\n\n\n<h6 class=\"has-small-font-size wp-block-heading\">Processo Prospectivo<\/h6>\n\n\n\n<p class=\"has-small-font-size\">Metodologia aplicada ao Projeto.<\/p>\n<\/div><\/div>\n<\/div><\/section>\n\n\n\n<p><strong>Defini\u00e7\u00e3o do Problema:<br><\/strong>Para cria\u00e7\u00e3o de condi\u00e7\u00f5es e promo\u00e7\u00e3o da integra\u00e7\u00e3o das atividades econ\u00f4micas indutoras do desenvolvimento sustent\u00e1vel territorial, falta for\u00e7a do Arranjo Produtivo de Gemas, Joias, Artesanato e Turismo de Cristalina GO.<\/p>\n\n\n\n<p><strong>Objetivo:<br><\/strong>Criar ambiente favor\u00e1vel para promo\u00e7\u00e3o da integra\u00e7\u00e3o das atividades econ\u00f4micas indutoras<br>do desenvolvimento sustent\u00e1vel territorial e fortalecimento do Arranjo Produtivo de<br>Gemas, Joias, Artesanato e Turismo de Cristalina GO.<\/p>\n\n\n\n<p><strong>Horizonte: 2040<br>Slogan: Cristalina 2040.<br>Prazo de Realiza\u00e7\u00e3o do Processo Prospectivo: 1 ano (12 meses).<\/strong><\/p>\n\n\n\n<p><\/p>\n\n\n\n<p><\/p>\n\n\n\n<h3 class=\"wp-block-heading\"><\/h3>\n\n\n\n<p><\/p>\n","protected":false},"excerpt":{"rendered":"<p>Acesse aqui o e-Book Projeto Cristalina 2040 Baixe aqui o relat\u00f3rio final do Projeto Cristalina GO 2040 Defini\u00e7\u00e3o do Problema:Para cria\u00e7\u00e3o de condi\u00e7\u00f5es e promo\u00e7\u00e3o da integra\u00e7\u00e3o das atividades econ\u00f4micas indutoras do desenvolvimento sustent\u00e1vel territorial, falta for\u00e7a do Arranjo Produtivo de Gemas, Joias, Artesanato e Turismo de Cristalina GO. Objetivo:Criar ambiente favor\u00e1vel para promo\u00e7\u00e3o da [&hellip;]<\/p>\n","protected":false},"author":2,"featured_media":0,"parent":0,"menu_order":0,"comment_status":"closed","ping_status":"closed","template":"","meta":{"footnotes":""},"class_list":["post-1152","page","type-page","status-publish","hentry"],"_links":{"self":[{"href":"http:\/\/redeaplmineral.org.br\/index.php?rest_route=\/wp\/v2\/pages\/1152","targetHints":{"allow":["GET"]}}],"collection":[{"href":"http:\/\/redeaplmineral.org.br\/index.php?rest_route=\/wp\/v2\/pages"}],"about":[{"href":"http:\/\/redeaplmineral.org.br\/index.php?rest_route=\/wp\/v2\/types\/page"}],"author":[{"embeddable":true,"href":"http:\/\/redeaplmineral.org.br\/index.php?rest_route=\/wp\/v2\/users\/2"}],"replies":[{"embeddable":true,"href":"http:\/\/redeaplmineral.org.br\/index.php?rest_route=%2Fwp%2Fv2%2Fcomments&post=1152"}],"version-history":[{"count":10,"href":"http:\/\/redeaplmineral.org.br\/index.php?rest_route=\/wp\/v2\/pages\/1152\/revisions"}],"predecessor-version":[{"id":4320,"href":"http:\/\/redeaplmineral.org.br\/index.php?rest_route=\/wp\/v2\/pages\/1152\/revisions\/4320"}],"wp:attachment":[{"href":"http:\/\/redeaplmineral.org.br\/index.php?rest_route=%2Fwp%2Fv2%2Fmedia&parent=1152"}],"curies":[{"name":"wp","href":"https:\/\/api.w.org\/{rel}","templated":true}]}}